(-15)). Suppose -4*o - r = -5*i, 645 = 3*i - 0*i + 3*o. Is i prime?
False
Let d = 57 + -52. Suppose -2*t + 3*l + 428 = 0, 1061 = 5*t - 8*l + d*l. Is t composite?
False
Suppose -2300 = 4*r + 4*t, t + 1150 = -0*r - 2*r. Let v = -90 - r. Is v a composite number?
True
Is 2*-7*(-3)/126*16446 a prime number?
False
Let z(c) = 7*c**2 - 4*c - 40. Let r be z(-28). Suppose -5*j = -13*j + r. Is j composite?
True
Suppose 2*a = 3*a + 1. Is (-11958)/(-12) - a/(-2)*-1 a composite number?
False
Suppose -m - 8 = -2*m. Let t = m - -2. Is 4/t*(-15)/(-1) a composite number?
True
Let w(j) = 3*j**2 - 9*j. Let y be w(6). Suppose -5*n + y = 14. Is n/12 + 11541/9 a prime number?
True
Let k(j) = -81*j**3 - 13*j - 5. Is k(-6) a composite number?
False
Suppose -13578775 = -113*y - 1809486. Is y a composite number?
True
Suppose 0 = -15*l - 13*l + 43204. Is l composite?
False
Suppose 2*k - 16909 = -5*n - 0*k, -5*n = -2*k - 16921. Is n prime?
False
Let x = 698 + -1016. Let r = x - -445. Is r composite?
False
Let i = 9089 - 5784. Is i a prime number?
False
Let d be (-2)/(18/(-45)*2/4). Let z(i) = 2*i**3 - 8*i**2 - 13*i + 29. Is z(d) prime?
False
Let x be (-1)/(2/(-3258)*(-12)/4). Let g = x + 1386. Is g composite?
True
Let d = 1414 + -767. Let f = d - 396. Is f a prime number?
True
Let y(i) = -4*i + 60. Let b be y(14). Suppose 3*m - 940 = 4*z, -5*m + m - 2*z = -1268. Suppose m = b*u - 0*u. Is u a prime number?
True
Let n = 13 - 10. Suppose 0 = -3*p - 4*d + 19 - n, -5*d + 25 = 5*p. Is p/(-10) - (-794)/10 a composite number?
False
Let p = 1508 + -863. Suppose -4*i - p = -3*l, -4*l + 3*i = i - 850. Is l a composite number?
False
Let f(d) = 12*d - 43 + 18*d**3 - 17*d**3 + 3*d - 7*d**2 - 15*d**2. Is f(24) a composite number?
True
Let m = 244 - -818. Let k be (-2)/(-4) + 6/(-4). Is (-1*(m + k))/(-1) prime?
True
Let x be (-15)/9*18/3. Let r = x + 16. Let f(d) = -d**3 + 8*d**2 + d - 1. Is f(r) a prime number?
False
Let q(m) = -m**2 - 12*m - 9. Let p be 1/(((-12)/(-44))/(-3)). Let g be q(p). Suppose -5*a + g*a = -633. Is a composite?
False
Let v(y) = 2*y + 0*y - 19 + 2*y - 9*y + 38*y**2. Is v(-8) composite?
True
Suppose 5*f = -3*n + 15, -2*n - 4 = -f + 2*f. Let m be (-3)/(18/124)*-3. Is m*(-3 + (f - 2)) prime?
False
Suppose -2*y - 2*y - 8 = 0, 0 = -4*t - 4*y. Suppose t = -f - 35. Let j = 155 + f. Is j prime?
False
Let j = 8 + 2. Suppose h + 2*b + 8 = 6*b, 5*b = -4*h + j. Suppose -2*o = -k + 29, 3*k = -h*o - 5*o + 109. Is k prime?
False
Let r(n) = -51*n**3 - 2*n**2 + 10*n + 3. Let h be r(-4). Suppose 0 = -7*u + h - 584. Is u a composite number?
False
Let b(t) = -2143*t**3 - t**2 - 3*t - 7. Let x(c) = 2142*c**3 + c**2 + 4*c + 8. Let y(z) = -6*b(z) - 5*x(z). Is y(1) a composite number?
True
Let j(i) = 7*i + 9. Let w(n) = 1. Suppose 0 = -l + 6*l + 5. Let d(u) = l*j(u) + w(u). Is d(-9) prime?
False
Let m = 13 + -14. Let d be m*(-4 - -3) - -1955. Suppose -2*t - 2*t + d = 0. Is t composite?
True
Suppose 620526 = 37*h + 17648. Is h a composite number?
True
Let h(x) be the first derivative of 32*x**4 - x**2 + x - 4. Suppose 3*t + 2*t - 5 = 0. Is h(t) a prime number?
True
Let s(x) = -x**2 + 22*x + 44. Let k be s(24). Is (-9 + 3 + 232)*(-26)/k composite?
True
Let u(d) = 6*d**2 + 3*d - 72. Let s(r) = -r**2 - r + 1. Let b(l) = -5*s(l) - u(l). Is b(0) a prime number?
True
Suppose 0 = -11*h + 27*h - 34832. Is h a prime number?
False
Let b = 2183 - 1478. Suppose 4*z - z - b = 0. Is z a composite number?
True
Let s(q) = -6*q + 6. Let b be s(2). Let o(r) = r**2 + 5. Let x(f) = -f**2 - 4. Let i(h) = -3*o(h) - 4*x(h). Is i(b) composite?
False
Let v = 135115 + -7514. Is v a composite number?
False
Let g be 1/((-3 + -1)/(-44)). Suppose 3*m = g*m - 1624. Is m a composite number?
True
Suppose 5*a - 5*m - 75825 = 0, -30316 = 218*a - 220*a - 5*m. Is a a prime number?
False
Let b(y) = -2*y**3 - 2*y**2 + 6*y + 1109. Is b(0) prime?
True
Let q = 11 - 5. Let u(g) = 7*g - 1 + g**2 - 4*g - 4. Is u(q) composite?
True
Let c(w) be the third derivative of w**5/60 + w**4/12 - 2*w**3/3 + 3*w**2. Let q be c(-4). Suppose 0 = q*p + 5*m - 628, p - 157 = 2*m + 3*m. Is p prime?
True
Is 6/(-12)*10 + 1978 composite?
False
Suppose 210003 + 103067 = 10*p. Is p composite?
False
Let r(a) = -a**2 + 12*a + 5. Let j be r(12). Suppose -j*i = -0*i - 20. Suppose -i*h + 87 = 3. Is h composite?
True
Suppose 0 = 3*c - 0*c - 15. Suppose -5*l - 1 - 4 = 0, c*r - 717 = 2*l. Is r a prime number?
False
Let z = 4054 - 7447. Let u = -1486 - z. Is u a composite number?
False
Let y(o) = -4623*o - 3. Let a be y(1). Is (2/(-3))/(12/a) composite?
False
Suppose i - 2*n = 6*i - 20625, i + 5*n = 4102. Is i composite?
False
Let d(v) = v**3 + v**2 - 5*v - 3. Let t be d(3). Is 183*(-3)/t*-34 composite?
True
Let b = -13238 - -20059. Is b a composite number?
True
Suppose 0 = 7*t - 164 + 3216. Let s = -233 - t. Is s a composite number?
True
Suppose 5*s + 16*r - 11*r = 6730, -r - 2701 = -2*s. Is s prime?
False
Let s(o) = 916*o - 2. Is s(1) a prime number?
False
Suppose 34706 = x - 5*i, -x - 2*i = -i - 34688. Is x composite?
True
Suppose -277*h + 273*h = -105428. Is h composite?
False
Let r(u) = 485*u - 3. Let h(y) = -y**2 - 8*y - 5. Let s be h(-7). Let l be r(s). Let c = 1406 - l. Is c composite?
False
Let h = 2 + -3. Let j(s) = -s**2 + 1. Let y(b) = 133*b**2 - 2*b + 4. Let k(r) = -5*j(r) + y(r). Is k(h) a prime number?
True
Let v(w) = w - 1. Let y be v(6). Suppose -3*j - 1034 + y = 0. Let d = j + 489. Is d a prime number?
False
Suppose 2*f + 10 = 5*p, 4*f + f - 4*p = 9. Is 3162/f + 51/85 composite?
True
Is 10/65 - (-2210285)/91 prime?
False
Let g(b) = 2*b**2 - 8*b + 23. Suppose 0*p = 8*p + 160. Is g(p) a prime number?
True
Is (125/(-15) - -11) + 542798/6 a composite number?
False
Is -4 + (-75*511)/(-7) composite?
False
Is (5086/8)/((-31)/(-124)) prime?
True
Is (9/(-45))/(-1 + 489064/489065) a composite number?
False
Let r(g) = -8*g + 11*g**2 + 7*g**2 + 8 + 20*g**2 + 5. Is r(4) a prime number?
False
Let s(m) = 4*m - 2. Let j be ((-2)/(-6))/((-8)/(-24)). Let w be s(j). Suppose 5*z - v - 525 - 309 = 0, 0 = w*v + 8. Is z a composite number?
True
Suppose 3*v - 60 = -5*r, -r + v - 2*v = -14. Let s be r + -9 + (2 - 0). Suppose 252 + 16 = s*l. Is l a prime number?
False
Suppose 427*k = 412*k + 54930. Is k prime?
False
Let w(n) be the first derivative of 64*n**3 + 3*n**2/2 - 4*n - 20. Is w(1) prime?
True
Let o(z) be the third derivative of z**5/60 + 11*z**4/24 + 5*z**3/6 + z**2. Suppose -13 = 4*w - 3*d + 35, 5*w + 2*d = -83. Is o(w) a composite number?
True
Let g = -4323 - -6184. Is g composite?
False
Let z(h) = 1356*h + 11. Suppose -5*n - 2 - 6 = -4*g, n = 0. Is z(g) prime?
False
Is (-1 - -7989*(-6)/27)*-3 prime?
False
Let g(p) be the third derivative of -17*p**4/12 + 29*p**3/6 + 8*p**2. Is g(-14) a composite number?
True
Let f(j) be the third derivative of 0*j + 7/24*j**4 + 0 - 2*j**2 + 5/3*j**3. Is f(15) prime?
False
Suppose -3478 = 59*a - 61*a. Is a a composite number?
True
Suppose 4*a - 2*x = 1315 + 677, 5*a - 2490 = x. Suppose 0 = -i + 5, -4*m + 0*m + a = -2*i. Is m + 1 - (-12)/4 a composite number?
False
Let y be (1*3)/((-18)/(-18)). Suppose 0 = y*t - 12*t + 1854. Is t composite?
True
Let f(h) = 216*h**3 + 4*h**2 - 6*h - 17. Is f(9) a prime number?
False
Suppose 2*m = -3*l - 3324 + 10302, 0 = 3*m - l - 10467. Is m a prime number?
False
Let v = -364 + 354. Let d(x) = x**2 + 15*x + 3. Let t(f) = 7*f + 2. Let o(r) = 3*d(r) - 5*t(r). Is o(v) prime?
True
Let f be 21*(1/1 + 0). Let k be f/((-3)/(-120)*-3). Is k/(-12) - 1/3 composite?
False
Is (-675)/270*3022/(-5) composite?
False
Suppose -34*k + 39*k - 17805 = 0. Is k a composite number?
True
Let q(a) be the first derivative of 19*a**3/3 - 13*a**2/2 - 19*a + 21. Is q(-7) a composite number?
True
Let o(j) = j + 3. Let c be o(2). Suppose -2*y - 4023 = -c*k, 2*k + k + 2*y - 2401 = 0. Is k a composite number?
True
Let v be 4/4*-1 - -706. Suppose -5*u = o + v, 2*u - 5*o - 401 = 5*u. Let x = 209 + u. Is x composite?
False
Suppose -12475 = 8*v - 13*v. Is v a prime number?
False
Let z(w) = 16*w**2 + 12*w - 17. Is z(-4) composite?
False
Is (0 - 3)*(-2051)/3 composite?
True
Let t be -2 - (-11)/(44/24). Let p be 2367/11 + t/(-22). Suppose 5*v = p + 780. Is v a prime number?
True
Let l(w) be the first derivative of 73*w**3/3 + 5*w